ate the highest common divisor of 16 and 4.
4
Calculate the highest common divisor of 59 and 1003.
59
What is the highest common factor of 68 and 8?
4
Calculate the highest common divisor of 3 and 2.
1
Calculate the greatest common divisor of 350 and 35.
35
What is the greatest common factor of 7579 and 265?
53
Calculate the greatest common divisor of 576 and 9.
9
What is the greatest common divisor of 3526 and 164?
82
What is the greatest common divisor of 272 and 16?
16
Calculate the highest common divisor of 175 and 77.
7
Calculate the greatest common factor of 24 and 300.
12
Calculate the greatest common factor of 855 and 665.
95
Calculate the highest common factor of 298 and 894.
298
Calculate the highest common factor of 6552 and 6.
6
Calculate the greatest common factor of 8109 and 9.
9
What is the highest common divisor of 2783 and 506?
253
Calculate the greatest common factor of 1752 and 657.
219
Calculate the greatest common factor of 3705 and 39.
39
Calculate the highest common factor of 56 and 378.
14
Calculate the highest common factor of 6 and 282.
6
What is the highest common divisor of 36 and 18864?
36
What is the greatest common factor of 5295 and 5?
5
Calculate the greatest common factor of 48 and 456.
24
What is the greatest common divisor of 380 and 342?
38
Calculate the highest common factor of 65 and 65.
65
What is the greatest common divisor of 245 and 63?
7
What is the highest common divisor of 8559 and 27?
27
What is the highest common divisor of 231 and 308?
77
What is the greatest common factor of 1044 and 72?
36
What is the highest common factor of 549 and 1891?
61
What is the greatest common divisor of 1 and 25?
1
What is the greatest common divisor of 406 and 14?
14
Calculate the greatest common divisor of 2480 and 80.
80
What is the highest common divisor of 2665 and 247?
13
What is the greatest common factor of 80 and 176?
16
What is the greatest common factor of 99 and 18?
9
Calculate the highest common factor of 304 and 80.
16
What is the greatest common factor of 333 and 1188?
9
What is the highest common factor of 23 and 2047?
23
Calculate the highest common factor of 5508 and 12.
12
What is the highest common factor of 26 and 143?
13
What is the highest common divisor of 64 and 24?
8
Calculate the greatest common factor of 6818 and 14.
14
What is the greatest common divisor of 243 and 9?
9
What is the highest common divisor of 184 and 23?
23
What is the greatest common divisor of 104 and 16?
8
Calculate the highest common factor of 24245 and 130.
65
Calculate the greatest common factor of 1534 and 754.
26
What is the highest common factor of 648 and 135?
27
Calculate the highest common factor of 308 and 12089.
77
Calculate the greatest common divisor of 80 and 368.
16
Calculate the highest common factor of 66 and 3894.
66
Calculate the greatest common factor of 108 and 204.
12
What is the greatest common factor of 44 and 594?
22
What is the highest common divisor of 1732 and 20?
4
Calculate the highest common factor of 12 and 348.
12
What is the highest common factor of 646 and 23579?
323
What is the greatest common divisor of 144 and 252?
36
Calculate the greatest common divisor of 169 and 10309.
169
Calculate the greatest common factor of 552 and 24.
24
Calculate the highest common divisor of 16439 and 17.
17
What is the greatest common factor of 72 and 1164?
12
Calculate the highest common factor of 1397 and 121.
11
Calculate the greatest common divisor of 12 and 222.
6
Calculate the highest common divisor of 4095 and 462.
21
Calculate the greatest common divisor of 16 and 12.
4
What is the greatest common divisor of 14 and 1148?
14
What is the greatest common factor of 400 and 2490?
10
Calculate the highest common factor of 31 and 3875.
31
What is the greatest common factor of 42 and 54?
6
Calculate the greatest common divisor of 481 and 143.
13
What is the greatest common factor of 30 and 3315?
15
What is the highest common divisor of 48 and 4824?
24
Calculate the greatest common divisor of 476 and 56.
28
What is the greatest common divisor of 21 and 497?
7
Calculate the highest common divisor of 188 and 141.
47
What is the greatest common factor of 7986 and 176?
22
What is the greatest common factor of 141 and 3?
3
What is the greatest common divisor of 79 and 1?
1
What is the highest common factor of 32 and 2?
2
Calculate the greatest common divisor of 3624 and 168.
24
Calculate the greatest common divisor of 9870 and 70.
70
Calculate the highest common factor of 21 and 511.
7
What is the highest common divisor of 4320 and 320?
160
What is the greatest common divisor of 90 and 20?
10
What is the greatest common divisor of 4718 and 14?
14
What is the greatest common divisor of 69 and 1357?
23
Calculate the greatest common factor of 19 and 19.
19
Calculate the highest common divisor of 192 and 144.
48
Calculate the highest common factor of 47 and 1.
1
What is the highest common divisor of 216 and 162?
54
Calculate the highest common divisor of 1508 and 174.
58
What is the greatest common divisor of 66 and 154?
22
Calculate the greatest common divisor of 1492 and 4.
4
What is the greatest common factor of 516 and 1290?
258
Calculate the highest common factor of 22 and 2266.
22
Calculate the highest common divisor of 664 and 581.
83
Calculate the greatest common divisor of 187 and 51.
17
What is the greatest common divisor of 25 and 80?
5
Calculate the highest common factor of 589 and 31.
31
Calculate the highest common factor of 12 and 1758.
6
What is the highest common divisor of 1356 and 48?
12
Calculate the highest common factor of 980 and 80.
20
What is the greatest common divisor of 17 and 1649?
17
Calculate the greatest common divisor of 46 and 759.
23
Calculate the greatest common divisor of 1150 and 23.
23
What is the greatest common divisor of 132 and 24?
12
Calculate the greatest common factor of 240 and 128.
16
What is the greatest common divisor of 221 and 13?
13
Calculate the greatest common divisor of 258 and 12.
6
What is the highest common divisor of 286 and 26?
26
What is the highest common divisor of 210 and 90?
30
Calculate the greatest common divisor of 9 and 17559.
9
What is the greatest common divisor of 384 and 18?
6
Calculate the highest common factor of 2805 and 68.
17
Calculate the highest common divisor of 2952 and 1368.
72
What is the highest common factor of 57 and 171?
57
Calculate the highest common factor of 22578 and 213.
213
What is the highest common divisor of 26044 and 383?
383
What is the highest common factor of 1199 and 11?
11
Calculate the greatest common divisor of 6 and 57.
3
What is the greatest common factor of 56 and 2394?
14
Calculate the highest common divisor of 232 and 472.
8
What is the greatest common factor of 16 and 196?
4
What is the highest common divisor of 56 and 63?
7
Calculate the greatest common divisor of 812 and 232.
116
Calculate the highest common factor of 38 and 4.
2
What is the highest common factor of 35 and 20?
5
What is the greatest common divisor of 947 and 3?
1
Calculate the greatest common divisor of 52 and 1664.
52
What is the greatest common divisor of 40 and 205?
5
Calculate the greatest common divisor of 72 and 160.
8
What is the highest common divisor of 5 and 245?
5
Calculate the greatest common divisor of 1167 and 3.
3
What is the highest common factor of 85 and 12070?
85
What is the greatest common factor of 42 and 1776?
6
Calculate the highest common divisor of 143 and 2024.
11
What is the highest common factor of 14 and 150?
2
What is the greatest common divisor of 2570 and 40?
10
Calculate the highest common factor of 91913 and 214.
107
Calculate the highest common factor of 628 and 471.
157
Calculate the highest common divisor of 65 and 559.
13
Calculate the greatest common factor of 424 and 53.
53
Calculate the highest common factor of 37 and 47767.
37
What is the greatest common factor of 618 and 6?
6
What is the greatest common factor of 14 and 77?
7
What is the highest common divisor of 1841 and 182?
7
Calculate the highest common factor of 1404 and 364.
52
What is the highest common divisor of 81 and 27?
27
Calculate the highest common divisor of 12772 and 31.
31
What is the highest common factor of 34 and 28